{"id":198,"date":"2018-06-21T13:00:18","date_gmt":"2018-06-21T11:00:18","guid":{"rendered":"http:\/\/www.zabawki.gorlice.pl\/?page_id=198"},"modified":"2018-06-21T13:26:20","modified_gmt":"2018-06-21T11:26:20","slug":"gimnastyka-dla-bobasa-z-palakami-zabawa-na-lace","status":"publish","type":"page","link":"http:\/\/www.zabawki.gorlice.pl\/index.php\/gimnastyka-dla-bobasa-z-palakami-zabawa-na-lace\/","title":{"rendered":"Gimnastyka dla bobasa z pa\u0142\u0105kami &#8211; Zabawa na \u0142\u0105ce"},"content":{"rendered":"<p>&nbsp;<\/p>\n<div class=\"content_slider \"><ul class=\"content_slider_ul\"><li class=\"content_slider_li_1\"><img width=\"580\" height=\"350\" src=\"http:\/\/www.zabawki.gorlice.pl\/wp-content\/uploads\/2018\/06\/mata_zabawa_na_lace_1.png\" class=\"scale-with-grid wp-post-image\" alt=\"\" loading=\"lazy\" srcset=\"http:\/\/www.zabawki.gorlice.pl\/wp-content\/uploads\/2018\/06\/mata_zabawa_na_lace_1.png 580w, http:\/\/www.zabawki.gorlice.pl\/wp-content\/uploads\/2018\/06\/mata_zabawa_na_lace_1-300x181.png 300w, http:\/\/www.zabawki.gorlice.pl\/wp-content\/uploads\/2018\/06\/mata_zabawa_na_lace_1-242x146.png 242w, http:\/\/www.zabawki.gorlice.pl\/wp-content\/uploads\/2018\/06\/mata_zabawa_na_lace_1-50x30.png 50w, http:\/\/www.zabawki.gorlice.pl\/wp-content\/uploads\/2018\/06\/mata_zabawa_na_lace_1-124x75.png 124w\" sizes=\"(max-width: 580px) 100vw, 580px\" \/><\/li><li class=\"content_slider_li_2\"><img width=\"580\" height=\"350\" src=\"http:\/\/www.zabawki.gorlice.pl\/wp-content\/uploads\/2018\/06\/mata_zabawa_na_lace_2.png\" class=\"scale-with-grid wp-post-image\" alt=\"\" loading=\"lazy\" srcset=\"http:\/\/www.zabawki.gorlice.pl\/wp-content\/uploads\/2018\/06\/mata_zabawa_na_lace_2.png 580w, http:\/\/www.zabawki.gorlice.pl\/wp-content\/uploads\/2018\/06\/mata_zabawa_na_lace_2-300x181.png 300w, http:\/\/www.zabawki.gorlice.pl\/wp-content\/uploads\/2018\/06\/mata_zabawa_na_lace_2-242x146.png 242w, http:\/\/www.zabawki.gorlice.pl\/wp-content\/uploads\/2018\/06\/mata_zabawa_na_lace_2-50x30.png 50w, http:\/\/www.zabawki.gorlice.pl\/wp-content\/uploads\/2018\/06\/mata_zabawa_na_lace_2-124x75.png 124w\" sizes=\"(max-width: 580px) 100vw, 580px\" \/><\/li><li class=\"content_slider_li_3\"><img width=\"580\" height=\"350\" src=\"http:\/\/www.zabawki.gorlice.pl\/wp-content\/uploads\/2018\/06\/mata_zabawa_na_lace_3.png\" class=\"scale-with-grid wp-post-image\" alt=\"\" loading=\"lazy\" srcset=\"http:\/\/www.zabawki.gorlice.pl\/wp-content\/uploads\/2018\/06\/mata_zabawa_na_lace_3.png 580w, http:\/\/www.zabawki.gorlice.pl\/wp-content\/uploads\/2018\/06\/mata_zabawa_na_lace_3-300x181.png 300w, http:\/\/www.zabawki.gorlice.pl\/wp-content\/uploads\/2018\/06\/mata_zabawa_na_lace_3-242x146.png 242w, http:\/\/www.zabawki.gorlice.pl\/wp-content\/uploads\/2018\/06\/mata_zabawa_na_lace_3-50x30.png 50w, http:\/\/www.zabawki.gorlice.pl\/wp-content\/uploads\/2018\/06\/mata_zabawa_na_lace_3-124x75.png 124w\" sizes=\"(max-width: 580px) 100vw, 580px\" \/><\/li><li class=\"content_slider_li_4\"><img width=\"580\" height=\"350\" src=\"http:\/\/www.zabawki.gorlice.pl\/wp-content\/uploads\/2018\/06\/mata_zabawa_na_lace_4.png\" class=\"scale-with-grid wp-post-image\" alt=\"\" loading=\"lazy\" srcset=\"http:\/\/www.zabawki.gorlice.pl\/wp-content\/uploads\/2018\/06\/mata_zabawa_na_lace_4.png 580w, http:\/\/www.zabawki.gorlice.pl\/wp-content\/uploads\/2018\/06\/mata_zabawa_na_lace_4-300x181.png 300w, http:\/\/www.zabawki.gorlice.pl\/wp-content\/uploads\/2018\/06\/mata_zabawa_na_lace_4-242x146.png 242w, http:\/\/www.zabawki.gorlice.pl\/wp-content\/uploads\/2018\/06\/mata_zabawa_na_lace_4-50x30.png 50w, http:\/\/www.zabawki.gorlice.pl\/wp-content\/uploads\/2018\/06\/mata_zabawa_na_lace_4-124x75.png 124w\" sizes=\"(max-width: 580px) 100vw, 580px\" \/><\/li><li class=\"content_slider_li_5\"><img width=\"580\" height=\"350\" src=\"http:\/\/www.zabawki.gorlice.pl\/wp-content\/uploads\/2018\/06\/mata_zabawa_na_lace_5.png\" class=\"scale-with-grid wp-post-image\" alt=\"\" loading=\"lazy\" srcset=\"http:\/\/www.zabawki.gorlice.pl\/wp-content\/uploads\/2018\/06\/mata_zabawa_na_lace_5.png 580w, http:\/\/www.zabawki.gorlice.pl\/wp-content\/uploads\/2018\/06\/mata_zabawa_na_lace_5-300x181.png 300w, http:\/\/www.zabawki.gorlice.pl\/wp-content\/uploads\/2018\/06\/mata_zabawa_na_lace_5-242x146.png 242w, http:\/\/www.zabawki.gorlice.pl\/wp-content\/uploads\/2018\/06\/mata_zabawa_na_lace_5-50x30.png 50w, http:\/\/www.zabawki.gorlice.pl\/wp-content\/uploads\/2018\/06\/mata_zabawa_na_lace_5-124x75.png 124w\" sizes=\"(max-width: 580px) 100vw, 580px\" \/><\/li><li class=\"content_slider_li_6\"><img width=\"580\" height=\"350\" src=\"http:\/\/www.zabawki.gorlice.pl\/wp-content\/uploads\/2018\/06\/mata_zabawa_na_lace_6.png\" class=\"scale-with-grid wp-post-image\" alt=\"\" loading=\"lazy\" srcset=\"http:\/\/www.zabawki.gorlice.pl\/wp-content\/uploads\/2018\/06\/mata_zabawa_na_lace_6.png 580w, http:\/\/www.zabawki.gorlice.pl\/wp-content\/uploads\/2018\/06\/mata_zabawa_na_lace_6-300x181.png 300w, http:\/\/www.zabawki.gorlice.pl\/wp-content\/uploads\/2018\/06\/mata_zabawa_na_lace_6-242x146.png 242w, http:\/\/www.zabawki.gorlice.pl\/wp-content\/uploads\/2018\/06\/mata_zabawa_na_lace_6-50x30.png 50w, http:\/\/www.zabawki.gorlice.pl\/wp-content\/uploads\/2018\/06\/mata_zabawa_na_lace_6-124x75.png 124w\" sizes=\"(max-width: 580px) 100vw, 580px\" \/><\/li><li class=\"content_slider_li_7\"><img width=\"580\" height=\"350\" src=\"http:\/\/www.zabawki.gorlice.pl\/wp-content\/uploads\/2018\/06\/mata_zabawa_na_lace_7.png\" class=\"scale-with-grid wp-post-image\" alt=\"\" loading=\"lazy\" srcset=\"http:\/\/www.zabawki.gorlice.pl\/wp-content\/uploads\/2018\/06\/mata_zabawa_na_lace_7.png 580w, http:\/\/www.zabawki.gorlice.pl\/wp-content\/uploads\/2018\/06\/mata_zabawa_na_lace_7-300x181.png 300w, http:\/\/www.zabawki.gorlice.pl\/wp-content\/uploads\/2018\/06\/mata_zabawa_na_lace_7-242x146.png 242w, http:\/\/www.zabawki.gorlice.pl\/wp-content\/uploads\/2018\/06\/mata_zabawa_na_lace_7-50x30.png 50w, http:\/\/www.zabawki.gorlice.pl\/wp-content\/uploads\/2018\/06\/mata_zabawa_na_lace_7-124x75.png 124w\" sizes=\"(max-width: 580px) 100vw, 580px\" \/><\/li><li class=\"content_slider_li_8\"><img width=\"580\" height=\"350\" src=\"http:\/\/www.zabawki.gorlice.pl\/wp-content\/uploads\/2018\/06\/mata_zabawa_na_lace_8.png\" class=\"scale-with-grid wp-post-image\" alt=\"\" loading=\"lazy\" srcset=\"http:\/\/www.zabawki.gorlice.pl\/wp-content\/uploads\/2018\/06\/mata_zabawa_na_lace_8.png 580w, http:\/\/www.zabawki.gorlice.pl\/wp-content\/uploads\/2018\/06\/mata_zabawa_na_lace_8-300x181.png 300w, http:\/\/www.zabawki.gorlice.pl\/wp-content\/uploads\/2018\/06\/mata_zabawa_na_lace_8-242x146.png 242w, http:\/\/www.zabawki.gorlice.pl\/wp-content\/uploads\/2018\/06\/mata_zabawa_na_lace_8-50x30.png 50w, http:\/\/www.zabawki.gorlice.pl\/wp-content\/uploads\/2018\/06\/mata_zabawa_na_lace_8-124x75.png 124w\" sizes=\"(max-width: 580px) 100vw, 580px\" \/><\/li><li class=\"content_slider_li_9\"><img width=\"580\" height=\"350\" src=\"http:\/\/www.zabawki.gorlice.pl\/wp-content\/uploads\/2018\/06\/mata_zabawa_na_lace_9.png\" class=\"scale-with-grid wp-post-image\" alt=\"\" loading=\"lazy\" srcset=\"http:\/\/www.zabawki.gorlice.pl\/wp-content\/uploads\/2018\/06\/mata_zabawa_na_lace_9.png 580w, http:\/\/www.zabawki.gorlice.pl\/wp-content\/uploads\/2018\/06\/mata_zabawa_na_lace_9-300x181.png 300w, http:\/\/www.zabawki.gorlice.pl\/wp-content\/uploads\/2018\/06\/mata_zabawa_na_lace_9-242x146.png 242w, http:\/\/www.zabawki.gorlice.pl\/wp-content\/uploads\/2018\/06\/mata_zabawa_na_lace_9-50x30.png 50w, http:\/\/www.zabawki.gorlice.pl\/wp-content\/uploads\/2018\/06\/mata_zabawa_na_lace_9-124x75.png 124w\" sizes=\"(max-width: 580px) 100vw, 580px\" \/><\/li><li class=\"content_slider_li_10\"><img width=\"580\" height=\"350\" src=\"http:\/\/www.zabawki.gorlice.pl\/wp-content\/uploads\/2018\/06\/mata_zabawa_na_lace_10.png\" class=\"scale-with-grid wp-post-image\" alt=\"\" loading=\"lazy\" srcset=\"http:\/\/www.zabawki.gorlice.pl\/wp-content\/uploads\/2018\/06\/mata_zabawa_na_lace_10.png 580w, http:\/\/www.zabawki.gorlice.pl\/wp-content\/uploads\/2018\/06\/mata_zabawa_na_lace_10-300x181.png 300w, http:\/\/www.zabawki.gorlice.pl\/wp-content\/uploads\/2018\/06\/mata_zabawa_na_lace_10-242x146.png 242w, http:\/\/www.zabawki.gorlice.pl\/wp-content\/uploads\/2018\/06\/mata_zabawa_na_lace_10-50x30.png 50w, http:\/\/www.zabawki.gorlice.pl\/wp-content\/uploads\/2018\/06\/mata_zabawa_na_lace_10-124x75.png 124w\" sizes=\"(max-width: 580px) 100vw, 580px\" \/><\/li><\/ul><div class=\"slider_pager slider_pagination\"><\/div><\/div>\n\n<p>Gimnastyka dla bobasa z pa\u0142\u0105kami &#8211; Zabawa na \u0142\u0105ce\u00a0to\u00a0rewolucyjne\u00a0i\u00a0innowacyjne\u00a0rozwi\u0105zanie w dziedzinie mat edukacyjnych dla dzieci.<\/p>\n<ul>\n<li>wyj\u0105tkowy,\u00a0przesuwany \u0142\u0105cznik pa\u0142\u0105k\u00f3w\u00a0sprawia, \u017ce od tej pory\u00a0mo\u017cesz dostosowa\u0107\u00a0ich u\u0142o\u017cenie do potrzeb rozwojowych swojego dziecka. Tw\u00f3j maluszek b\u0119dzie m\u00f3g\u0142 le\u017ce\u0107 na brzuszku, mie\u0107 zabawki zawsze blisko r\u0105czek, a nawet bawi\u0107 si\u0119 na macie z Tob\u0105!<\/li>\n<li>zawiera liczne\u00a0urocze zabawki, aktywuj\u0105ce rozw\u00f3j Twojej pociechy,\u00a0bezpieczne lusterko, oraz\u00a0elementy \u015bwiec\u0105ce i graj\u0105ce<\/li>\n<li>przesuwane pier\u015bcienie dla \u0142atwiejszego przemieszczania zabawek na pa\u0142\u0105kach<\/li>\n<\/ul>\n<p>1. Zabawka Ptaszek ze \u015bwiate\u0142kiem i muzyk\u0105 oraz funkcj\u0105 nagrywania. Mo\u017ce zosta\u0107 odczepiona i przymocowana np. do w\u00f3zka.<br \/>\n2. Ma\u0142a karuzelka z motylkiem i pszcz\u00f3\u0142k\u0105.<br \/>\n3. Szeleszcz\u0105cy szop pracz.<br \/>\n4. Gryzak w kszta\u0142cie marchewki &#8211; \u0142atwy do uchwycenia.<br \/>\n5. Poduszka w kszta\u0142cie kr\u00f3liczka do czasu dla brzuszka z szeleszcz\u0105cymi uszkami.<br \/>\n6. Mo\u017cliwo\u015b\u0107 prania w pralce.<br \/>\n7. Lusterko w kszta\u0142cie domku do ustawienia w r\u00f3znych pozycjach.<br \/>\n8. Szeleszcz\u0105ce drzewko do zabawy w a ku-ku.<br \/>\n9. Zawieszka dzwoneczek w kszta\u0142cie pszcz\u00f3\u0142ki.<br \/>\n10. Zawieszka grzechotka w kszta\u0142cie liska.<\/p>\n<p>Gimnastyka dla bobasa z pa\u0142\u0105kami &#8211; Zabawa na \u0142\u0105ce posiada unikalny design, kt\u00f3ry\u00a0pomaga dostosowa\u0107 si\u0119 do zmieniaj\u0105cych si\u0119 potrzeb i mo\u017cliwo\u015bci dziecka. Mo\u017cesz umie\u015bci\u0107 zabawki w zasi\u0119gu r\u0119ki dziecka, aby\u00a0stymulowa\u0107 i wspiera\u0107 rozw\u00f3j koordynacji wzrokowo-ruchowej i umiej\u0119tno\u015bci chwytaj\u0105ce, co pomaga rozwija\u0107 zdolno\u015bci poznawcze dziecka.<\/p>\n","protected":false},"excerpt":{"rendered":"<p>&nbsp; Gimnastyka dla bobasa z pa\u0142\u0105kami &#8211; Zabawa na \u0142\u0105ce\u00a0to\u00a0rewolucyjne\u00a0i\u00a0innowacyjne\u00a0rozwi\u0105zanie w dziedzinie mat edukacyjnych dla dzieci. wyj\u0105tkowy,\u00a0przesuwany \u0142\u0105cznik pa\u0142\u0105k\u00f3w\u00a0sprawia, \u017ce od tej pory\u00a0mo\u017cesz dostosowa\u0107\u00a0ich u\u0142o\u017cenie do<span class=\"excerpt-hellip\"> [\u2026]<\/span><\/p>\n","protected":false},"author":1,"featured_media":0,"parent":0,"menu_order":0,"comment_status":"closed","ping_status":"closed","template":"","meta":[],"_links":{"self":[{"href":"http:\/\/www.zabawki.gorlice.pl\/index.php\/wp-json\/wp\/v2\/pages\/198"}],"collection":[{"href":"http:\/\/www.zabawki.gorlice.pl\/index.php\/wp-json\/wp\/v2\/pages"}],"about":[{"href":"http:\/\/www.zabawki.gorlice.pl\/index.php\/wp-json\/wp\/v2\/types\/page"}],"author":[{"embeddable":true,"href":"http:\/\/www.zabawki.gorlice.pl\/index.php\/wp-json\/wp\/v2\/users\/1"}],"replies":[{"embeddable":true,"href":"http:\/\/www.zabawki.gorlice.pl\/index.php\/wp-json\/wp\/v2\/comments?post=198"}],"version-history":[{"count":4,"href":"http:\/\/www.zabawki.gorlice.pl\/index.php\/wp-json\/wp\/v2\/pages\/198\/revisions"}],"predecessor-version":[{"id":205,"href":"http:\/\/www.zabawki.gorlice.pl\/index.php\/wp-json\/wp\/v2\/pages\/198\/revisions\/205"}],"wp:attachment":[{"href":"http:\/\/www.zabawki.gorlice.pl\/index.php\/wp-json\/wp\/v2\/media?parent=198"}],"curies":[{"name":"wp","href":"https:\/\/api.w.org\/{rel}","templated":true}]}}