{"id":272,"date":"2018-06-21T18:27:07","date_gmt":"2018-06-21T16:27:07","guid":{"rendered":"http:\/\/www.zabawki.gorlice.pl\/?page_id=272"},"modified":"2018-07-04T13:23:53","modified_gmt":"2018-07-04T11:23:53","slug":"lezaczki","status":"publish","type":"page","link":"http:\/\/www.zabawki.gorlice.pl\/index.php\/lezaczki\/","title":{"rendered":"Le\u017caczki"},"content":{"rendered":"<p style=\"text-align: justify;\">Wszyscy rodzice wiedz\u0105, jak istotna jest ka\u017cda chwila wytchnienia, gdy maluch jest spokojny. Le\u017caczek bujaczek jest jednym z tych akcesori\u00f3w dzieci\u0119cej wyprawki, kt\u00f3ry pozwala na bezpieczny odpoczynek dla dziecka oraz chwil\u0119 wolnego dla rodzic\u00f3w.\u00a0Le\u017caczek dla niemowl\u0105t to akcesorium, kt\u00f3re u\u0142atwia opiek\u0119 nad dzieckiem. Cz\u0119sto jest r\u00f3wnie\u017c urz\u0105dzeniem wielofunkcyjnym, jednocze\u015bnie pe\u0142ni\u0105cym rol\u0119 ko\u0142yski, hu\u015btawki, fotelika, a nawet miejsca do karmienia i zabawy czy kr\u00f3tkiej drzemki. Le\u017caczek mo\u017cna zabra\u0107 ze sob\u0105 w podr\u00f3\u017c, do znajomych czy na wakacje oraz niemal wsz\u0119dzie postawi\u0107.<br \/>\nLe\u017caczek Tiny Love jest po\u0142\u0105czeniem trzech produkt\u00f3w: bujaczka, ko\u0142yski i \u0142\u00f3\u017ceczka. To w\u0142a\u015bnie dzi\u0119ki swojej niezwyk\u0142ej budowie mo\u017ce po\u0142\u0105czy\u0107 te trzy funkcje i jednocze\u015bnie zagwarantowa\u0107 komfortowe i bezpieczne warunki do odpoczynku dla maluszka. Trzy tryby dzia\u0142ania le\u017caczka bujaczka s\u0105 ciekaw\u0105 alternatyw\u0105 dla rodzic\u00f3w \u2013 urz\u0105dzenie mo\u017ce stanowi\u0107 miejsce do uspokojenia, relaksu czy wyciszenia dziecka albo do tego, by podczas wyjazdu stworzy\u0107 mu wygodn\u0105 przestrze\u0144 do snu.<\/p>\n","protected":false},"excerpt":{"rendered":"<p>Wszyscy rodzice wiedz\u0105, jak istotna jest ka\u017cda chwila wytchnienia, gdy maluch jest spokojny. Le\u017caczek bujaczek jest jednym z tych akcesori\u00f3w dzieci\u0119cej wyprawki, kt\u00f3ry pozwala na bezpieczny<span class=\"excerpt-hellip\"> [\u2026]<\/span><\/p>\n","protected":false},"author":1,"featured_media":0,"parent":0,"menu_order":0,"comment_status":"closed","ping_status":"closed","template":"","meta":[],"_links":{"self":[{"href":"http:\/\/www.zabawki.gorlice.pl\/index.php\/wp-json\/wp\/v2\/pages\/272"}],"collection":[{"href":"http:\/\/www.zabawki.gorlice.pl\/index.php\/wp-json\/wp\/v2\/pages"}],"about":[{"href":"http:\/\/www.zabawki.gorlice.pl\/index.php\/wp-json\/wp\/v2\/types\/page"}],"author":[{"embeddable":true,"href":"http:\/\/www.zabawki.gorlice.pl\/index.php\/wp-json\/wp\/v2\/users\/1"}],"replies":[{"embeddable":true,"href":"http:\/\/www.zabawki.gorlice.pl\/index.php\/wp-json\/wp\/v2\/comments?post=272"}],"version-history":[{"count":4,"href":"http:\/\/www.zabawki.gorlice.pl\/index.php\/wp-json\/wp\/v2\/pages\/272\/revisions"}],"predecessor-version":[{"id":859,"href":"http:\/\/www.zabawki.gorlice.pl\/index.php\/wp-json\/wp\/v2\/pages\/272\/revisions\/859"}],"wp:attachment":[{"href":"http:\/\/www.zabawki.gorlice.pl\/index.php\/wp-json\/wp\/v2\/media?parent=272"}],"curies":[{"name":"wp","href":"https:\/\/api.w.org\/{rel}","templated":true}]}}