{"id":485,"date":"2018-06-25T14:56:35","date_gmt":"2018-06-25T12:56:35","guid":{"rendered":"http:\/\/www.zabawki.gorlice.pl\/?page_id=485"},"modified":"2018-06-25T14:56:35","modified_gmt":"2018-06-25T12:56:35","slug":"gimnastyka-dla-bobasa-z-palakami-move-play","status":"publish","type":"page","link":"http:\/\/www.zabawki.gorlice.pl\/index.php\/gimnastyka-dla-bobasa-z-palakami-move-play\/","title":{"rendered":"Gimnastyka dla bobasa z pa\u0142\u0105kami Move &#038; Play"},"content":{"rendered":"<div class=\"content_slider \"><ul class=\"content_slider_ul\"><li class=\"content_slider_li_1\"><img width=\"580\" height=\"350\" src=\"http:\/\/www.zabawki.gorlice.pl\/wp-content\/uploads\/2018\/06\/mata_gimnastyka_move__play.jpg\" class=\"scale-with-grid wp-post-image\" alt=\"\" loading=\"lazy\" srcset=\"http:\/\/www.zabawki.gorlice.pl\/wp-content\/uploads\/2018\/06\/mata_gimnastyka_move__play.jpg 580w, http:\/\/www.zabawki.gorlice.pl\/wp-content\/uploads\/2018\/06\/mata_gimnastyka_move__play-300x181.jpg 300w, http:\/\/www.zabawki.gorlice.pl\/wp-content\/uploads\/2018\/06\/mata_gimnastyka_move__play-242x146.jpg 242w, http:\/\/www.zabawki.gorlice.pl\/wp-content\/uploads\/2018\/06\/mata_gimnastyka_move__play-50x30.jpg 50w, http:\/\/www.zabawki.gorlice.pl\/wp-content\/uploads\/2018\/06\/mata_gimnastyka_move__play-124x75.jpg 124w\" sizes=\"(max-width: 580px) 100vw, 580px\" \/><\/li><li class=\"content_slider_li_2\"><img width=\"580\" height=\"350\" src=\"http:\/\/www.zabawki.gorlice.pl\/wp-content\/uploads\/2018\/06\/mata_gimnastyka_move_play_2.jpg\" class=\"scale-with-grid wp-post-image\" alt=\"\" loading=\"lazy\" srcset=\"http:\/\/www.zabawki.gorlice.pl\/wp-content\/uploads\/2018\/06\/mata_gimnastyka_move_play_2.jpg 580w, http:\/\/www.zabawki.gorlice.pl\/wp-content\/uploads\/2018\/06\/mata_gimnastyka_move_play_2-300x181.jpg 300w, http:\/\/www.zabawki.gorlice.pl\/wp-content\/uploads\/2018\/06\/mata_gimnastyka_move_play_2-242x146.jpg 242w, http:\/\/www.zabawki.gorlice.pl\/wp-content\/uploads\/2018\/06\/mata_gimnastyka_move_play_2-50x30.jpg 50w, http:\/\/www.zabawki.gorlice.pl\/wp-content\/uploads\/2018\/06\/mata_gimnastyka_move_play_2-124x75.jpg 124w\" sizes=\"(max-width: 580px) 100vw, 580px\" \/><\/li><li class=\"content_slider_li_3\"><img width=\"580\" height=\"350\" src=\"http:\/\/www.zabawki.gorlice.pl\/wp-content\/uploads\/2018\/06\/mata_gimnastyka_move_play_3.jpg\" class=\"scale-with-grid wp-post-image\" alt=\"\" loading=\"lazy\" srcset=\"http:\/\/www.zabawki.gorlice.pl\/wp-content\/uploads\/2018\/06\/mata_gimnastyka_move_play_3.jpg 580w, http:\/\/www.zabawki.gorlice.pl\/wp-content\/uploads\/2018\/06\/mata_gimnastyka_move_play_3-300x181.jpg 300w, http:\/\/www.zabawki.gorlice.pl\/wp-content\/uploads\/2018\/06\/mata_gimnastyka_move_play_3-242x146.jpg 242w, http:\/\/www.zabawki.gorlice.pl\/wp-content\/uploads\/2018\/06\/mata_gimnastyka_move_play_3-50x30.jpg 50w, http:\/\/www.zabawki.gorlice.pl\/wp-content\/uploads\/2018\/06\/mata_gimnastyka_move_play_3-124x75.jpg 124w\" sizes=\"(max-width: 580px) 100vw, 580px\" \/><\/li><li class=\"content_slider_li_4\"><img width=\"580\" height=\"350\" src=\"http:\/\/www.zabawki.gorlice.pl\/wp-content\/uploads\/2018\/06\/mata_gimnastyka_move_play_4.jpg\" class=\"scale-with-grid wp-post-image\" alt=\"\" loading=\"lazy\" srcset=\"http:\/\/www.zabawki.gorlice.pl\/wp-content\/uploads\/2018\/06\/mata_gimnastyka_move_play_4.jpg 580w, http:\/\/www.zabawki.gorlice.pl\/wp-content\/uploads\/2018\/06\/mata_gimnastyka_move_play_4-300x181.jpg 300w, http:\/\/www.zabawki.gorlice.pl\/wp-content\/uploads\/2018\/06\/mata_gimnastyka_move_play_4-242x146.jpg 242w, http:\/\/www.zabawki.gorlice.pl\/wp-content\/uploads\/2018\/06\/mata_gimnastyka_move_play_4-50x30.jpg 50w, http:\/\/www.zabawki.gorlice.pl\/wp-content\/uploads\/2018\/06\/mata_gimnastyka_move_play_4-124x75.jpg 124w\" sizes=\"(max-width: 580px) 100vw, 580px\" \/><\/li><li class=\"content_slider_li_5\"><img width=\"580\" height=\"350\" src=\"http:\/\/www.zabawki.gorlice.pl\/wp-content\/uploads\/2018\/06\/mata_gimnastyka_move_play_5.jpg\" class=\"scale-with-grid wp-post-image\" alt=\"\" loading=\"lazy\" srcset=\"http:\/\/www.zabawki.gorlice.pl\/wp-content\/uploads\/2018\/06\/mata_gimnastyka_move_play_5.jpg 580w, http:\/\/www.zabawki.gorlice.pl\/wp-content\/uploads\/2018\/06\/mata_gimnastyka_move_play_5-300x181.jpg 300w, http:\/\/www.zabawki.gorlice.pl\/wp-content\/uploads\/2018\/06\/mata_gimnastyka_move_play_5-242x146.jpg 242w, http:\/\/www.zabawki.gorlice.pl\/wp-content\/uploads\/2018\/06\/mata_gimnastyka_move_play_5-50x30.jpg 50w, http:\/\/www.zabawki.gorlice.pl\/wp-content\/uploads\/2018\/06\/mata_gimnastyka_move_play_5-124x75.jpg 124w\" sizes=\"(max-width: 580px) 100vw, 580px\" \/><\/li><li class=\"content_slider_li_6\"><img width=\"580\" height=\"350\" src=\"http:\/\/www.zabawki.gorlice.pl\/wp-content\/uploads\/2018\/06\/mata_gimnastyka_move_play_6.jpg\" class=\"scale-with-grid wp-post-image\" alt=\"\" loading=\"lazy\" srcset=\"http:\/\/www.zabawki.gorlice.pl\/wp-content\/uploads\/2018\/06\/mata_gimnastyka_move_play_6.jpg 580w, http:\/\/www.zabawki.gorlice.pl\/wp-content\/uploads\/2018\/06\/mata_gimnastyka_move_play_6-300x181.jpg 300w, http:\/\/www.zabawki.gorlice.pl\/wp-content\/uploads\/2018\/06\/mata_gimnastyka_move_play_6-242x146.jpg 242w, http:\/\/www.zabawki.gorlice.pl\/wp-content\/uploads\/2018\/06\/mata_gimnastyka_move_play_6-50x30.jpg 50w, http:\/\/www.zabawki.gorlice.pl\/wp-content\/uploads\/2018\/06\/mata_gimnastyka_move_play_6-124x75.jpg 124w\" sizes=\"(max-width: 580px) 100vw, 580px\" \/><\/li><li class=\"content_slider_li_7\"><img width=\"580\" height=\"350\" src=\"http:\/\/www.zabawki.gorlice.pl\/wp-content\/uploads\/2018\/06\/mata_gimnastyka_move_play_7.jpg\" class=\"scale-with-grid wp-post-image\" alt=\"\" loading=\"lazy\" srcset=\"http:\/\/www.zabawki.gorlice.pl\/wp-content\/uploads\/2018\/06\/mata_gimnastyka_move_play_7.jpg 580w, http:\/\/www.zabawki.gorlice.pl\/wp-content\/uploads\/2018\/06\/mata_gimnastyka_move_play_7-300x181.jpg 300w, http:\/\/www.zabawki.gorlice.pl\/wp-content\/uploads\/2018\/06\/mata_gimnastyka_move_play_7-242x146.jpg 242w, http:\/\/www.zabawki.gorlice.pl\/wp-content\/uploads\/2018\/06\/mata_gimnastyka_move_play_7-50x30.jpg 50w, http:\/\/www.zabawki.gorlice.pl\/wp-content\/uploads\/2018\/06\/mata_gimnastyka_move_play_7-124x75.jpg 124w\" sizes=\"(max-width: 580px) 100vw, 580px\" \/><\/li><\/ul><div class=\"slider_pager slider_pagination\"><\/div><\/div>\n\n<p>&nbsp;<\/p>\n<p>Mata edukacyjna Move and Play to rewolucyjne i innowacyjne rozwi\u0105zanie w dziedzinie mat edukacyjnych dla dzieci.<\/p>\n<ul>\n<li>wyj\u0105tkowy, przesuwany \u0142\u0105cznik pa\u0142\u0105k\u00f3w sprawia, \u017ce od tej pory mo\u017cesz dostosowa\u0107 ich u\u0142o\u017cenie do potrzeb rozwojowych swojego dziecka.Tw\u00f3j maluszek b\u0119dzie m\u00f3g\u0142 le\u017ce\u0107 na brzuszku, mie\u0107 zabawki zawsze blisko r\u0105czek, a nawet bawi\u0107 si\u0119 na macie z Tob\u0105!<\/li>\n<li>du\u017ca mata daje tak\u017ce mo\u017cliwo\u015b\u0107 po\u0142\u0105czenia brzeg\u00f3w (kojec ) oraz zdemontowania pa\u0142\u0105k\u00f3w<br \/>\n( mata, kocyk )<\/li>\n<li>zawiera liczne\u00a0urocze zabawki, aktywuj\u0105ce rozw\u00f3j Twojej pociechy, bezpieczne lusterko, orazelementy \u015bwiec\u0105ce i graj\u0105ce<\/li>\n<\/ul>\n<p>11 Element\u00f3w maty:<\/p>\n<ol>\n<li>zabawka z efektami \u015bwietlnymi i 7 melodiami oraz innowacyjny \u0142\u0105cznik przesuwaj\u0105cy si\u0119 po pa\u0142\u0105kach<\/li>\n<li>wibruj\u0105cy s\u0142onik<\/li>\n<li>grzechotka ma\u0142pka<\/li>\n<li>grzechotka s\u0142onko i chmurka<\/li>\n<li>kolorowy gryzak<\/li>\n<li>przesuwane pier\u015bcienie dla \u0142atwiejszego przemieszczania zabawek na pa\u0142\u0105kach<\/li>\n<li>zebra 3D \u2013 wystaj\u0105cy ogonek i grzywa<\/li>\n<li>gryzak ma\u0142pka<\/li>\n<li>uszko s\u0142onika do zabawy w \u201eA-kuku\u201d<\/li>\n<li>bezpieczne lusterko do ustawiania w r\u00f3\u017cnych pozycjach<\/li>\n<li>szeleszcz\u0105cy kwadracik<\/li>\n<\/ol>\n<p>Gimnastyka dla bobasa Move &amp; Play posiada unikalny design, kt\u00f3ry pomaga dostosowa\u0107 si\u0119 do zmieniaj\u0105cych si\u0119 potrzeb i mo\u017cliwo\u015bci dziecka. Mo\u017cesz umie\u015bci\u0107 zabawki w zasi\u0119gu r\u0119ki dziecka, aby stymulowa\u0107 i wspiera\u0107 rozw\u00f3j koordynacji wzrokowo-ruchowej i umiej\u0119tno\u015bci chwytaj\u0105ce, co pomaga rozwija\u0107 zdolno\u015bci poznawcze dziecka.<\/p>\n","protected":false},"excerpt":{"rendered":"<p>&nbsp; Mata edukacyjna Move and Play to rewolucyjne i innowacyjne rozwi\u0105zanie w dziedzinie mat edukacyjnych dla dzieci. wyj\u0105tkowy, przesuwany \u0142\u0105cznik pa\u0142\u0105k\u00f3w sprawia, \u017ce od tej pory<span class=\"excerpt-hellip\"> [\u2026]<\/span><\/p>\n","protected":false},"author":1,"featured_media":0,"parent":0,"menu_order":0,"comment_status":"closed","ping_status":"closed","template":"","meta":[],"_links":{"self":[{"href":"http:\/\/www.zabawki.gorlice.pl\/index.php\/wp-json\/wp\/v2\/pages\/485"}],"collection":[{"href":"http:\/\/www.zabawki.gorlice.pl\/index.php\/wp-json\/wp\/v2\/pages"}],"about":[{"href":"http:\/\/www.zabawki.gorlice.pl\/index.php\/wp-json\/wp\/v2\/types\/page"}],"author":[{"embeddable":true,"href":"http:\/\/www.zabawki.gorlice.pl\/index.php\/wp-json\/wp\/v2\/users\/1"}],"replies":[{"embeddable":true,"href":"http:\/\/www.zabawki.gorlice.pl\/index.php\/wp-json\/wp\/v2\/comments?post=485"}],"version-history":[{"count":1,"href":"http:\/\/www.zabawki.gorlice.pl\/index.php\/wp-json\/wp\/v2\/pages\/485\/revisions"}],"predecessor-version":[{"id":486,"href":"http:\/\/www.zabawki.gorlice.pl\/index.php\/wp-json\/wp\/v2\/pages\/485\/revisions\/486"}],"wp:attachment":[{"href":"http:\/\/www.zabawki.gorlice.pl\/index.php\/wp-json\/wp\/v2\/media?parent=485"}],"curies":[{"name":"wp","href":"https:\/\/api.w.org\/{rel}","templated":true}]}}